{"id":3538,"date":"2024-08-02T00:57:37","date_gmt":"2024-08-02T00:57:37","guid":{"rendered":"https:\/\/laboratorioschoenstatt.com\/?page_id=3538"},"modified":"2024-08-13T17:35:41","modified_gmt":"2024-08-13T17:35:41","slug":"hematologia","status":"publish","type":"page","link":"https:\/\/laboratorioschoenstatt.com\/?page_id=3538","title":{"rendered":"Hematolog\u00eda"},"content":{"rendered":"\t\t<div data-elementor-type=\"wp-page\" data-elementor-id=\"3538\" class=\"elementor elementor-3538\">\n\t\t\t\t<div class=\"elementor-element elementor-element-872aead e-flex e-con-boxed e-con e-parent\" data-id=\"872aead\" data-element_type=\"container\" data-e-type=\"container\">\n\t\t\t\t\t<div class=\"e-con-inner\">\n\t\t\t\t<div class=\"elementor-element elementor-element-5925e2a elementor-widget elementor-widget-laborex_service2\" data-id=\"5925e2a\" data-element_type=\"widget\" data-e-type=\"widget\" data-widget_type=\"laborex_service2.default\">\n\t\t\t\t<div class=\"elementor-widget-container\">\n\t\t\t\t\t\t\t\t<!-- service-style-two -->\r\n\t\t\t<section class=\"service-style-two sec-pad centred\">\r\n\t\t\t\t<div class=\"auto-container\">\r\n\t\t\t\t\t<div class=\"sec-title centred\">\r\n\t\t\t\t\t\t<h6>Nuestros Servicios<\/h6>\r\n\t\t\t\t\t\t<h2>Hematolog\u00eda<\/h2>\r\n\t\t\t\t\t<\/div>\r\n\t\t\t\t\t<div class=\"row clearfix\">\r\n\t\t\t\t\t\t\t\t\t\t\t\t\t<div class=\"col-lg-4 col-md-6 col-sm-12 service-block\">\r\n\t\t\t\t\t\t\t\t<div class=\"service-block-two\">\r\n\t\t\t\t\t\t\t\t\t<div class=\"inner-box\">\r\n\t\t\t\t\t\t\t\t\t\t<figure class=\"image-box\">\r\n\t\t\t\t\t\t\t\t\t\t\t\t\t\t\t\t\t\t\t\t\t<\/figure>\r\n\t\t\t\t\t\t\t\t\t\t<div class=\"lower-content\">\r\n\t\t\t\t\t\t\t\t\t\t\t<div class=\"icon-box\"><i aria-hidden=\"true\" class=\" icon-5\"><\/i><\/div>\r\n\t\t\t\t\t\t\t\t\t\t\t<h4><a href=\"https:\/\/wa.link\/kzt4q1\"  >BIOMETR\u00cdA HEM\u00c1TICA<\/a><\/h4>\r\n\t\t\t\t\t\t\t\t\t\t\t<p>$216<\/p>\r\n\t\t\t\t\t\t\t\t\t\t\t\t\t\t\t\t\t\t\t\t\t\t<div class=\"btn-box\"><a href=\"https:\/\/wa.link\/kzt4q1\"   class=\"theme-btn-two\">Solicitar Estudio<\/a><\/div>\r\n\t\t\t\t\t\t\t\t\t\t\t\t\t\t\t\t\t\t\t\t\t<\/div>\r\n\t\t\t\t\t\t\t\t\t<\/div>\r\n\t\t\t\t\t\t\t\t<\/div>\r\n\t\t\t\t\t\t\t<\/div>\r\n\t\t\t\t\t\t\t\t\t\t\t\t\t<div class=\"col-lg-4 col-md-6 col-sm-12 service-block\">\r\n\t\t\t\t\t\t\t\t<div class=\"service-block-two\">\r\n\t\t\t\t\t\t\t\t\t<div class=\"inner-box\">\r\n\t\t\t\t\t\t\t\t\t\t<figure class=\"image-box\">\r\n\t\t\t\t\t\t\t\t\t\t\t\t\t\t\t\t\t\t\t\t\t<\/figure>\r\n\t\t\t\t\t\t\t\t\t\t<div class=\"lower-content\">\r\n\t\t\t\t\t\t\t\t\t\t\t<div class=\"icon-box\"><i aria-hidden=\"true\" class=\" icon-6\"><\/i><\/div>\r\n\t\t\t\t\t\t\t\t\t\t\t<h4><a href=\"https:\/\/wa.link\/kzt4q1\"  >COOMBS INDIRECTO<\/a><\/h4>\r\n\t\t\t\t\t\t\t\t\t\t\t<p>$280<\/p>\r\n\t\t\t\t\t\t\t\t\t\t\t\t\t\t\t\t\t\t\t\t\t\t<div class=\"btn-box\"><a href=\"https:\/\/wa.link\/kzt4q1\"   class=\"theme-btn-two\">Solicitar Estudio<\/a><\/div>\r\n\t\t\t\t\t\t\t\t\t\t\t\t\t\t\t\t\t\t\t\t\t<\/div>\r\n\t\t\t\t\t\t\t\t\t<\/div>\r\n\t\t\t\t\t\t\t\t<\/div>\r\n\t\t\t\t\t\t\t<\/div>\r\n\t\t\t\t\t\t\t\t\t\t\t\t\t<div class=\"col-lg-4 col-md-6 col-sm-12 service-block\">\r\n\t\t\t\t\t\t\t\t<div class=\"service-block-two\">\r\n\t\t\t\t\t\t\t\t\t<div class=\"inner-box\">\r\n\t\t\t\t\t\t\t\t\t\t<figure class=\"image-box\">\r\n\t\t\t\t\t\t\t\t\t\t\t\t\t\t\t\t\t\t\t\t\t<\/figure>\r\n\t\t\t\t\t\t\t\t\t\t<div class=\"lower-content\">\r\n\t\t\t\t\t\t\t\t\t\t\t<div class=\"icon-box\"><i aria-hidden=\"true\" class=\" icon-7\"><\/i><\/div>\r\n\t\t\t\t\t\t\t\t\t\t\t<h4><a href=\"https:\/\/wa.link\/kzt4q1\"  >COOMBS DIRECTO<\/a><\/h4>\r\n\t\t\t\t\t\t\t\t\t\t\t<p>$280<\/p>\r\n\t\t\t\t\t\t\t\t\t\t\t\t\t\t\t\t\t\t\t\t\t\t<div class=\"btn-box\"><a href=\"https:\/\/wa.link\/kzt4q1\"   class=\"theme-btn-two\">Solicitar Estudio<\/a><\/div>\r\n\t\t\t\t\t\t\t\t\t\t\t\t\t\t\t\t\t\t\t\t\t<\/div>\r\n\t\t\t\t\t\t\t\t\t<\/div>\r\n\t\t\t\t\t\t\t\t<\/div>\r\n\t\t\t\t\t\t\t<\/div>\r\n\t\t\t\t\t\t\t\t\t\t\t\t\t<div class=\"col-lg-4 col-md-6 col-sm-12 service-block\">\r\n\t\t\t\t\t\t\t\t<div class=\"service-block-two\">\r\n\t\t\t\t\t\t\t\t\t<div class=\"inner-box\">\r\n\t\t\t\t\t\t\t\t\t\t<figure class=\"image-box\">\r\n\t\t\t\t\t\t\t\t\t\t\t\t\t\t\t\t\t\t\t\t\t<\/figure>\r\n\t\t\t\t\t\t\t\t\t\t<div class=\"lower-content\">\r\n\t\t\t\t\t\t\t\t\t\t\t<div class=\"icon-box\"><i aria-hidden=\"true\" class=\" icon-8\"><\/i><\/div>\r\n\t\t\t\t\t\t\t\t\t\t\t<h4><a href=\"https:\/\/wa.link\/kzt4q1\"  >GRUPO Y FACTOR RH<\/a><\/h4>\r\n\t\t\t\t\t\t\t\t\t\t\t<p>$160<\/p>\r\n\t\t\t\t\t\t\t\t\t\t\t\t\t\t\t\t\t\t\t\t\t\t<div class=\"btn-box\"><a href=\"https:\/\/wa.link\/kzt4q1\"   class=\"theme-btn-two\">Solicitar Estudio<\/a><\/div>\r\n\t\t\t\t\t\t\t\t\t\t\t\t\t\t\t\t\t\t\t\t\t<\/div>\r\n\t\t\t\t\t\t\t\t\t<\/div>\r\n\t\t\t\t\t\t\t\t<\/div>\r\n\t\t\t\t\t\t\t<\/div>\r\n\t\t\t\t\t\t\t\t\t\t\t\t\t<div class=\"col-lg-4 col-md-6 col-sm-12 service-block\">\r\n\t\t\t\t\t\t\t\t<div class=\"service-block-two\">\r\n\t\t\t\t\t\t\t\t\t<div class=\"inner-box\">\r\n\t\t\t\t\t\t\t\t\t\t<figure class=\"image-box\">\r\n\t\t\t\t\t\t\t\t\t\t\t\t\t\t\t\t\t\t\t\t\t<\/figure>\r\n\t\t\t\t\t\t\t\t\t\t<div class=\"lower-content\">\r\n\t\t\t\t\t\t\t\t\t\t\t<div class=\"icon-box\"><i aria-hidden=\"true\" class=\" icon-9\"><\/i><\/div>\r\n\t\t\t\t\t\t\t\t\t\t\t<h4><a href=\"https:\/\/wa.link\/kzt4q1\"  >HEMOGLOBINA GLICADA<\/a><\/h4>\r\n\t\t\t\t\t\t\t\t\t\t\t<p>$450<\/p>\r\n\t\t\t\t\t\t\t\t\t\t\t\t\t\t\t\t\t\t\t\t\t\t<div class=\"btn-box\"><a href=\"https:\/\/wa.link\/kzt4q1\"   class=\"theme-btn-two\">Solicitar Estudio<\/a><\/div>\r\n\t\t\t\t\t\t\t\t\t\t\t\t\t\t\t\t\t\t\t\t\t<\/div>\r\n\t\t\t\t\t\t\t\t\t<\/div>\r\n\t\t\t\t\t\t\t\t<\/div>\r\n\t\t\t\t\t\t\t<\/div>\r\n\t\t\t\t\t\t\t\t\t\t\t\t\t<div class=\"col-lg-4 col-md-6 col-sm-12 service-block\">\r\n\t\t\t\t\t\t\t\t<div class=\"service-block-two\">\r\n\t\t\t\t\t\t\t\t\t<div class=\"inner-box\">\r\n\t\t\t\t\t\t\t\t\t\t<figure class=\"image-box\">\r\n\t\t\t\t\t\t\t\t\t\t\t\t\t\t\t\t\t\t\t\t\t<\/figure>\r\n\t\t\t\t\t\t\t\t\t\t<div class=\"lower-content\">\r\n\t\t\t\t\t\t\t\t\t\t\t<div class=\"icon-box\"><i aria-hidden=\"true\" class=\" icon-11\"><\/i><\/div>\r\n\t\t\t\t\t\t\t\t\t\t\t<h4><a href=\"https:\/\/wa.link\/kzt4q1\"  >RETICULOCITOS<\/a><\/h4>\r\n\t\t\t\t\t\t\t\t\t\t\t<p>$200<\/p>\r\n\t\t\t\t\t\t\t\t\t\t\t\t\t\t\t\t\t\t\t\t\t\t<div class=\"btn-box\"><a href=\"https:\/\/wa.link\/kzt4q1\"   class=\"theme-btn-two\">Solicitar Estudio<\/a><\/div>\r\n\t\t\t\t\t\t\t\t\t\t\t\t\t\t\t\t\t\t\t\t\t<\/div>\r\n\t\t\t\t\t\t\t\t\t<\/div>\r\n\t\t\t\t\t\t\t\t<\/div>\r\n\t\t\t\t\t\t\t<\/div>\r\n\t\t\t\t\t\t\t\t\t\t\t\t\t<div class=\"col-lg-4 col-md-6 col-sm-12 service-block\">\r\n\t\t\t\t\t\t\t\t<div class=\"service-block-two\">\r\n\t\t\t\t\t\t\t\t\t<div class=\"inner-box\">\r\n\t\t\t\t\t\t\t\t\t\t<figure class=\"image-box\">\r\n\t\t\t\t\t\t\t\t\t\t\t\t\t\t\t\t\t\t\t\t\t<\/figure>\r\n\t\t\t\t\t\t\t\t\t\t<div class=\"lower-content\">\r\n\t\t\t\t\t\t\t\t\t\t\t<div class=\"icon-box\"><i aria-hidden=\"true\" class=\" icon-31\"><\/i><\/div>\r\n\t\t\t\t\t\t\t\t\t\t\t<h4><a href=\"https:\/\/wa.link\/kzt4q1\"  >VELOCIDAD DE SEDIMENTACI\u00d3N<\/a><\/h4>\r\n\t\t\t\t\t\t\t\t\t\t\t<p>$128<\/p>\r\n\t\t\t\t\t\t\t\t\t\t\t\t\t\t\t\t\t\t\t\t\t\t<div class=\"btn-box\"><a href=\"https:\/\/wa.link\/kzt4q1\"   class=\"theme-btn-two\">Solicitar Estudio<\/a><\/div>\r\n\t\t\t\t\t\t\t\t\t\t\t\t\t\t\t\t\t\t\t\t\t<\/div>\r\n\t\t\t\t\t\t\t\t\t<\/div>\r\n\t\t\t\t\t\t\t\t<\/div>\r\n\t\t\t\t\t\t\t<\/div>\r\n\t\t\t\t\t\t\t\t\t\t\t<\/div>\r\n\t\t\t\t\t<div class=\"more-btn\">\r\n\t\t\t\t\t\t<a href=\"https:\/\/laboratorioschoenstatt.com\/?page_id=3487\"   class=\"theme-btn-one\">M\u00e1s Estudios<\/a>\r\n\t\t\t\t\t<\/div>\r\n\t\t\t\t<\/div>\r\n\t\t\t<\/section>\r\n\t\t\t<!-- service-style-two end -->\r\n\t\t\t\t\t\t<\/div>\n\t\t\t\t<\/div>\n\t\t\t\t\t<\/div>\n\t\t\t\t<\/div>\n\t\t\t\t<\/div>\n\t\t","protected":false},"excerpt":{"rendered":"<p>Nuestros Servicios Hematolog\u00eda BIOMETR\u00cdA HEM\u00c1TICA $216 Solicitar Estudio COOMBS INDIRECTO $280 Solicitar Estudio COOMBS DIRECTO $280 Solicitar Estudio GRUPO Y FACTOR RH $160 Solicitar Estudio HEMOGLOBINA GLICADA $450 Solicitar Estudio [&hellip;]<\/p>\n","protected":false},"author":1,"featured_media":0,"parent":0,"menu_order":0,"comment_status":"closed","ping_status":"closed","template":"","meta":{"footnotes":""},"yst_prominent_words":[],"class_list":["post-3538","page","type-page","status-publish","hentry"],"yoast_head":"<!-- This site is optimized with the Yoast SEO Premium plugin v14.6.1 - https:\/\/yoast.com\/wordpress\/plugins\/seo\/ -->\n<title>Hematolog\u00eda - Laboratorio Schoenstatt<\/title>\n<meta name=\"robots\" content=\"index, follow\" \/>\n<meta name=\"googlebot\" content=\"index, follow, max-snippet:-1, max-image-preview:large, max-video-preview:-1\" \/>\n<meta name=\"bingbot\" content=\"index, follow, max-snippet:-1, max-image-preview:large, max-video-preview:-1\" \/>\n<link rel=\"canonical\" href=\"https:\/\/laboratorioschoenstatt.com\/?page_id=3538\" \/>\n<meta property=\"og:locale\" content=\"es_ES\" \/>\n<meta property=\"og:type\" content=\"article\" \/>\n<meta property=\"og:title\" content=\"Hematolog\u00eda - Laboratorio Schoenstatt\" \/>\n<meta property=\"og:description\" content=\"Nuestros Servicios Hematolog\u00eda BIOMETR\u00cdA HEM\u00c1TICA $216 Solicitar Estudio COOMBS INDIRECTO $280 Solicitar Estudio COOMBS DIRECTO $280 Solicitar Estudio GRUPO Y FACTOR RH $160 Solicitar Estudio HEMOGLOBINA GLICADA $450 Solicitar Estudio [&hellip;]\" \/>\n<meta property=\"og:url\" content=\"https:\/\/laboratorioschoenstatt.com\/?page_id=3538\" \/>\n<meta property=\"og:site_name\" content=\"Laboratorio Schoenstatt\" \/>\n<meta property=\"article:modified_time\" content=\"2024-08-13T17:35:41+00:00\" \/>\n<meta name=\"twitter:card\" content=\"summary_large_image\" \/>\n<script type=\"application\/ld+json\" class=\"yoast-schema-graph\">{\"@context\":\"https:\/\/schema.org\",\"@graph\":[{\"@type\":\"WebSite\",\"@id\":\"https:\/\/laboratorioschoenstatt.com\/#website\",\"url\":\"https:\/\/laboratorioschoenstatt.com\/\",\"name\":\"Laboratorio Schoenstatt\",\"description\":\"Laboratorio Schoenstatt\",\"potentialAction\":[{\"@type\":\"SearchAction\",\"target\":\"https:\/\/laboratorioschoenstatt.com\/?s={search_term_string}\",\"query-input\":\"required name=search_term_string\"}],\"inLanguage\":\"es\"},{\"@type\":\"WebPage\",\"@id\":\"https:\/\/laboratorioschoenstatt.com\/?page_id=3538#webpage\",\"url\":\"https:\/\/laboratorioschoenstatt.com\/?page_id=3538\",\"name\":\"Hematolog\\u00eda - Laboratorio Schoenstatt\",\"isPartOf\":{\"@id\":\"https:\/\/laboratorioschoenstatt.com\/#website\"},\"datePublished\":\"2024-08-02T00:57:37+00:00\",\"dateModified\":\"2024-08-13T17:35:41+00:00\",\"inLanguage\":\"es\",\"potentialAction\":[{\"@type\":\"ReadAction\",\"target\":[\"https:\/\/laboratorioschoenstatt.com\/?page_id=3538\"]}]}]}<\/script>\n<!-- \/ Yoast SEO Premium plugin. -->","_links":{"self":[{"href":"https:\/\/laboratorioschoenstatt.com\/index.php?rest_route=\/wp\/v2\/pages\/3538","targetHints":{"allow":["GET"]}}],"collection":[{"href":"https:\/\/laboratorioschoenstatt.com\/index.php?rest_route=\/wp\/v2\/pages"}],"about":[{"href":"https:\/\/laboratorioschoenstatt.com\/index.php?rest_route=\/wp\/v2\/types\/page"}],"author":[{"embeddable":true,"href":"https:\/\/laboratorioschoenstatt.com\/index.php?rest_route=\/wp\/v2\/users\/1"}],"replies":[{"embeddable":true,"href":"https:\/\/laboratorioschoenstatt.com\/index.php?rest_route=%2Fwp%2Fv2%2Fcomments&post=3538"}],"version-history":[{"count":37,"href":"https:\/\/laboratorioschoenstatt.com\/index.php?rest_route=\/wp\/v2\/pages\/3538\/revisions"}],"predecessor-version":[{"id":3907,"href":"https:\/\/laboratorioschoenstatt.com\/index.php?rest_route=\/wp\/v2\/pages\/3538\/revisions\/3907"}],"wp:attachment":[{"href":"https:\/\/laboratorioschoenstatt.com\/index.php?rest_route=%2Fwp%2Fv2%2Fmedia&parent=3538"}],"wp:term":[{"taxonomy":"yst_prominent_words","embeddable":true,"href":"https:\/\/laboratorioschoenstatt.com\/index.php?rest_route=%2Fwp%2Fv2%2Fyst_prominent_words&post=3538"}],"curies":[{"name":"wp","href":"https:\/\/api.w.org\/{rel}","templated":true}]}}